
3, 5, 41, 977
What are the prime factors of 1326982?
2, 29, 137, 167
List the prime factors of 243212.
2, 41, 1483
What are the prime factors of 16467724?
2, 7, 13, 23, 281
What are the prime factors of 56578?
2, 28289
List the prime factors of 18314812.
2, 4578703
List the prime factors of 3522180.
2, 3, 5, 47, 1249
What are the prime factors of 16774906?
2, 31, 270563
What are the prime factors of 12652?
2, 3163
What are the prime factors of 3048014?
2, 1524007
List the prime factors of 7359002.
2, 7, 97, 5419
What are the prime factors of 9624192?
2, 3, 71, 353
What are the prime factors of 3211654?
2, 89, 18043
What are the prime factors of 85564?
2, 21391
What are the prime factors of 734938?
2, 367469
List the prime factors of 5114400.
2, 3, 5, 2131
What are the prime factors of 50465?
5, 10093
What are the prime factors of 1925485?
5, 109, 3533
List the prime factors of 58764.
2, 3, 59, 83
List the prime factors of 275212.
2, 7, 9829
What are the prime factors of 5589751?
53, 105467
List the prime factors of 267966.
2, 3, 14887
What are the prime factors of 293286?
2, 3, 7, 6983
List the prime factors of 5270154.
2, 3, 878359
What are the prime factors of 5213590?
2, 5, 521359
List the prime factors of 2241345.
3, 5, 149423
List the prime factors of 15624361.
971, 16091
What are the prime factors of 857943?
3, 95327
What are the prime factors of 1046967?
3, 348989
What are the prime factors of 8103266?
2, 4051633
What are the prime factors of 1389211?
1389211
List the prime factors of 618681.
3, 7, 17, 1733
What are the prime factors of 3660729?
3, 17, 179, 401
What are the prime factors of 443545?
5, 43, 2063
List the prime factors of 72303.
3, 7, 11, 313
What are the prime factors of 8237435?
5, 17, 96911
List the prime factors of 3627.
3, 13, 31
What are the prime factors of 7150669?
19, 376351
List the prime factors of 20156540.
2, 5, 1007827
What are the prime factors of 652958?
2, 326479
What are the prime factors of 4084618?
2, 107, 19087
What are the prime factors of 21285150?
2, 3, 5, 41, 3461
List the prime factors of 3756404.
2, 503, 1867
List the prime factors of 792746.
2, 396373
What are the prime factors of 2078227?
29, 71663
List the prime factors of 1180568.
2, 147571
What are the prime factors of 239937?
3, 79979
List the prime factors of 938971.
11, 85361
List the prime factors of 312505.
5, 62501
List the prime factors of 1175727.
3, 7, 55987
What are the prime factors of 4503330?
2, 3, 5, 13, 1283
What are the prime factors of 59273?
59273
What are the prime factors of 28741?
41, 701
What are the prime factors of 671904?
2, 3, 2333
What are the prime factors of 131989?
11, 13, 71
List the prime factors of 10863759.
3, 3621253
What are the prime factors of 508626?
2, 3, 9419
What are the prime factors of 4732243?
31, 293, 521
List the prime factors of 12694423.
7, 67, 27067
What are the prime factors of 3998514?
2, 3, 13, 51263
What are the prime factors of 6703805?
5, 1340761
What are the prime factors of 27528?
2, 3, 31, 37
List the prime factors of 3111418.
2, 53, 149, 197
List the prime factors of 17340.
2, 3, 5, 17
What are the prime factors of 29684316?
2, 3, 59, 41927
What are the prime factors of 2856684?
2, 3, 101, 2357
What are the prime factors of 378345?
3, 5, 11, 2293
What are the prime factors of 1403579?
1403579
List the prime factors of 327187.
7, 43, 1087
What are the prime factors of 16253207?
17, 31, 30841
List the prime factors of 2544538.
2, 1272269
What are the prime factors of 23311131?
3, 17, 83, 5507
List the prime factors of 5918326.
2, 191, 15493
List the prime factors of 655615.
5, 23, 5701
List the prime factors of 93671.
47, 1993
What are the prime factors of 1210322?
2, 251, 2411
What are the prime factors of 2961582?
2, 3, 13, 43, 883
What are the prime factors of 699431?
17, 41143
What are the prime factors of 213949?
213949
List the prime factors of 3441358.
2, 1720679
List the prime factors of 189933.
3, 63311
List the prime factors of 17447677.
13, 241, 5569
What are the prime factors of 213034?
2, 29, 3673
List the prime factors of 2131967.
47, 45361
What are the prime factors of 3123859?
3123859
List the prime factors of 131687.
131687
List the prime factors of 99282.
2, 3, 16547
List the prime factors of 29028.
2, 3, 41, 59
List the prime factors of 10626285.
3, 5, 191, 3709
List the prime factors of 396266.
2, 13, 15241
What are the prime factors of 10739501?
103, 127, 821
List the prime factors of 22014.
2, 3, 1223
What are the prime factors of 7597380?
2, 3, 5, 7, 18089
List the prime factors of 618692.
2, 137, 1129
What are the prime factors of 14542?
2, 11, 661
What are the prime factors of 16161766?
2, 127, 63629
List the prime factors of 506733.
3, 53, 3187
What are the prime factors of 174609?
3, 29, 223
What are the prime factors of 4202527?
7, 600361
List the prime factors of 8667486.
2, 3, 53503
What are the prime factors of 2264556?
2, 3, 7, 26959
What are the prime factors of 12962892?
2, 3, 23, 67, 701
What are the prime factors of 3590610?
2, 3, 5, 119687
What are the prime factors of 542614?
2, 53, 5119
What are the prime factors of 684235?
5, 281, 487
List the prime factors of 3795432.
2, 3, 158143
List the prime factors of 165328.
2, 10333
List the prime factors of 3393405.
3, 5, 73, 1033
What are the prime factors of 218574?
2, 3, 12143
What are the prime factors of 201443?
11, 18313
What are the prime factors of 1002375?
3, 5, 11
List the prime factors of 3828287.
3828287
What are the prime factors of 377736?
2, 3, 15739
What are the prime factors of 13401447?
3, 239, 18691
List the prime factors of 563215.
5, 112643
List the prime factors of 34619.
13, 2663
What are the prime factors of 468530?
2, 5, 46853
List the prime factors of 1209183.
3, 403061
List the prime factors of 13016920.
2, 5, 7, 46489
What are the prime factors of 30524?
2, 13, 587
List the prime factors of 364855.
5, 43, 1697
What are the prime factors of 105201?
3, 11689
List the prime factors of 931731.
3, 310577
What are the prime factors of 1461008?
2, 127, 719
What are the prime factors of 2888069?
2888069
List the prime factors of 7701738.
2, 3, 11, 61, 1913
List the prime factors of 369708.
2, 3, 30809
List the prime factors of 672118.
2, 336059
List the prime factors of 9295385.
5, 11, 169007
What are the prime factors of 570725?
5, 37, 617
What are the prime factors of 199853?
199853
List the prime factors of 2205295.
5, 97, 4547
List the prime factors of 878272.
2, 13723
List the prime factors of 16480740.
2, 3, 5, 274679
What are the prime factors of 481493?
113, 4261
What are the prime factors of 322472?
2, 173, 233
What are the prime factors of 8035247?
11, 6037
What are the prime factors of 1589908?
2, 17, 103, 227
What are the prime factors of 246704?
2, 17, 907
What are the prime factors of 5620411?
37, 151903
List the prime factors of 892204.
2, 223051
List the prime factors of 4247564.
2, 19, 55889
List the prime factors of 582373.
11, 4813
List the prime factors of 1550413.
1550413
List the prime factors of 20399006.
2, 29, 351707
List the prime factors of 35044.
2, 8761
What are the prime factors of 1009031?
83, 12157
List the prime factors of 3866.
2, 1933
What are the prime factors of 86645?
5, 13, 31, 43
What are the prime factors of 2251187?
41, 54907
What are the prime factors of 494189?
29, 17041
List the prime factors of 12611305.
5, 7, 360323
List the prime factors of 478163.
7, 83, 823
List the prime factors of 2714102.
2, 947, 1433
What are the prime factors of 8404733?
127, 66179
List the prime factors of 1713531.
3, 211, 2707
What are the prime factors of 670733?
7, 95819
What are the prime factors of 883805?
5, 13, 13597
List the prime factors of 5404450.
2, 5, 108089
List the prime factors of 1206944.
2, 37717
List the prime factors of 1685333.
13, 129641
What are the prime factors of 1918313?
1918313
List the prime factors of 20136543.
3, 7, 958883
What are the prime factors of 2298498?
2, 3, 383083
What are the prime factors of 779162?
2, 223, 1747
What are the prime factors of 213855?
3, 5, 53, 269
List the prime factors of 592875.
3, 5, 17, 31
List the prime factors of 885824.
2, 13841
What are the prime factors of 9609836?
2, 127, 18917
List the p